INSERT INTO dsm_identities(pid, issuertype) VALUES ('77', 'roar');
INSERT INTO dsm_identities(pid, issuertype) VALUES ('680', 'roar');
INSERT INTO dsm_identities(pid, issuertype) VALUES ('260', 'roar');
INSERT INTO dsm_identities(pid, issuertype) VALUES ('637', 'roar');
INSERT INTO dsm_identities(pid, issuertype) VALUES ('528', 'roar');
INSERT INTO dsm_identities(pid, issuertype) VALUES ('577', 'roar');
INSERT INTO dsm_identities(pid, issuertype) VALUES ('566', 'roar');
INSERT INTO dsm_identities(pid, issuertype) VALUES ('241', 'roar');
INSERT INTO dsm_identities(pid, issuertype) VALUES ('491', 'roar');
INSERT INTO dsm_identities(pid, issuertype) VALUES ('324', 'roar');
INSERT INTO dsm_identities(pid, issuertype) VALUES ('375', 'roar');
INSERT INTO dsm_identities(pid, issuertype) VALUES ('152', 'roar');
INSERT INTO dsm_identities(pid, issuertype) VALUES ('1025', 'roar');
INSERT INTO dsm_identities(pid, issuertype) VALUES ('10.13039/100004440', 'doi');
INSERT INTO dsm_identities(pid, issuertype) VALUES ('10.13039/100000001', 'doi');
INSERT INTO dsm_identities(pid, issuertype) VALUES ('10.13039/100000002', 'doi');
INSERT INTO dsm_identities(pid, issuertype) VALUES ('10.13039/501100007601', 'doi');
INSERT INTO dsm_identities(pid, issuertype) VALUES ('10.13039/501100001871', 'doi');
INSERT INTO dsm_identities(pid, issuertype) VALUES ('10.13039/501100008982', 'doi');
INSERT INTO dsm_identities(pid, issuertype) VALUES ('10.13039/501100000925', 'doi');
INSERT INTO dsm_identities(pid, issuertype) VALUES ('10.13039/501100000923', 'doi');
INSERT INTO dsm_identities(pid, issuertype) VALUES ('10.13039/501100001602', 'doi');
INSERT INTO dsm_identities(pid, issuertype) VALUES ('10.13039/501100002428', 'doi');
INSERT INTO dsm_identities(pid, issuertype) VALUES ('10.13039/501100000690', 'doi');
INSERT INTO dsm_identities(pid, issuertype) VALUES ('10.13039/501100002341', 'doi');
INSERT INTO dsm_identities(pid, issuertype) VALUES ('0000 0001 2242 8989', 'isni');
INSERT INTO dsm_identities(pid, issuertype) VALUES ('0000 0004 5900 900X', 'isni');
INSERT INTO dsm_identities(pid, issuertype) VALUES ('0000 0001 2169 9189', 'isni');
INSERT INTO dsm_identities(pid, issuertype) VALUES ('0000 0001 2181 2823', 'isni');
INSERT INTO dsm_identities(pid, issuertype) VALUES ('0000 0004 0427 7672', 'isni');
INSERT INTO dsm_identities(pid, issuertype) VALUES ('0000 0001 1958 7073', 'isni');
INSERT INTO dsm_identities(pid, issuertype) VALUES ('0000 0001 2169 1945', 'isni');
INSERT INTO dsm_identities(pid, issuertype) VALUES ('0000 0001 2154 0709', 'isni');
INSERT INTO dsm_identities(pid, issuertype) VALUES ('0000 0001 2176 1982', 'isni');
INSERT INTO dsm_identities(pid, issuertype) VALUES ('0000 0001 0789 9694', 'isni');
INSERT INTO dsm_identities(pid, issuertype) VALUES ('0000 0001 2228 3249', 'isni');
INSERT INTO dsm_identities(pid, issuertype) VALUES ('0000 0001 2176 7727', 'isni');
INSERT INTO dsm_identities(pid, issuertype) VALUES ('0000 0004 0611 9213', 'isni');
INSERT INTO dsm_identities(pid, issuertype) VALUES ('0000 0004 0609 4140', 'isni');
INSERT INTO dsm_identities(pid, issuertype) VALUES ('0000 0004 4663 8325', 'isni');
INSERT INTO dsm_identities(pid, issuertype) VALUES ('0000 0001 1092 7772', 'isni');
INSERT INTO dsm_identities(pid, issuertype) VALUES ('0000 0004 0452 5752', 'isni');
INSERT INTO dsm_identities(pid, issuertype) VALUES ('0000 0001 2297 5165', 'isni');
INSERT INTO dsm_identities(pid, issuertype) VALUES ('0000 0001 0672 3101', 'isni');
INSERT INTO dsm_identities(pid, issuertype) VALUES ('0000 0001 1957 0992', 'isni');
INSERT INTO dsm_identities(pid, issuertype) VALUES ('0000 0001 1091 8438', 'isni');
INSERT INTO dsm_identities(pid, issuertype) VALUES ('0000 0001 0507 0997', 'isni');
INSERT INTO dsm_identities(pid, issuertype) VALUES ('0000 0001 0665 7300', 'isni');
INSERT INTO dsm_identities(pid, issuertype) VALUES ('0000 0001 0685 2712', 'isni');
INSERT INTO dsm_identities(pid, issuertype) VALUES ('0000 0004 0647 6886', 'isni');
INSERT INTO dsm_identities(pid, issuertype) VALUES ('0000 0001 0943 9683', 'isni');
INSERT INTO dsm_identities(pid, issuertype) VALUES ('0000 0001 2096 9829', 'isni');
INSERT INTO dsm_identities(pid, issuertype) VALUES ('0000 0001 1957 9997', 'isni');

INSERT INTO funder_identity(funder, pid) VALUES ('H2020', '680');
INSERT INTO funder_identity(funder, pid) VALUES ('H2020', '10.13039/501100007601');
INSERT INTO funder_identity(funder, pid) VALUES ('H2020', '0000 0001 2242 8989');
INSERT INTO funder_identity(funder, pid) VALUES ('FP7', '0000 0004 5900 900X');
INSERT INTO funder_identity(funder, pid) VALUES ('FCT', '260');
INSERT INTO funder_identity(funder, pid) VALUES ('FCT', '10.13039/501100001871');
INSERT INTO funder_identity(funder, pid) VALUES ('FCT', '0000 0001 2169 9189');
INSERT INTO funder_identity(funder, pid) VALUES ('FCT', '0000 0001 2181 2823');
INSERT INTO funder_identity(funder, pid) VALUES ('WT', '637');
INSERT INTO funder_identity(funder, pid) VALUES ('WT', '10.13039/100004440');
INSERT INTO funder_identity(funder, pid) VALUES ('WT', '0000 0004 0427 7672');
INSERT INTO funder_identity(funder, pid) VALUES ('NSF', '528');
INSERT INTO funder_identity(funder, pid) VALUES ('NSF', '10.13039/501100008982');
INSERT INTO funder_identity(funder, pid) VALUES ('NSF', '10.13039/100000001');
INSERT INTO funder_identity(funder, pid) VALUES ('NSF', '0000 0001 1958 7073');
INSERT INTO funder_identity(funder, pid) VALUES ('NSF', '0000 0001 2169 1945');
INSERT INTO funder_identity(funder, pid) VALUES ('NSF', '0000 0001 2154 0709');
INSERT INTO funder_identity(funder, pid) VALUES ('NHMRC', '577');
INSERT INTO funder_identity(funder, pid) VALUES ('NHMRC', '10.13039/501100000925');
INSERT INTO funder_identity(funder, pid) VALUES ('NHMRC', '0000 0001 2176 1982');
INSERT INTO funder_identity(funder, pid) VALUES ('NHMRC', '0000 0001 0789 9694');
INSERT INTO funder_identity(funder, pid) VALUES ('NHMRC', '0000 0001 2228 3249');
INSERT INTO funder_identity(funder, pid) VALUES ('NHMRC', '0000 0001 2176 7727');
INSERT INTO funder_identity(funder, pid) VALUES ('NHMRC', '0000 0001 0789 9694');
INSERT INTO funder_identity(funder, pid) VALUES ('NHMRC', '0000 0001 2228 3249');
INSERT INTO funder_identity(funder, pid) VALUES ('ARC', '566');
INSERT INTO funder_identity(funder, pid) VALUES ('ARC', '10.13039/501100000923');
INSERT INTO funder_identity(funder, pid) VALUES ('ARC', '0000 0004 0611 9213');
INSERT INTO funder_identity(funder, pid) VALUES ('MSES', '0000 0004 0609 4140');
INSERT INTO funder_identity(funder, pid) VALUES ('CSF', '0000 0004 4663 8325');
INSERT INTO funder_identity(funder, pid) VALUES ('NWO', '241');
INSERT INTO funder_identity(funder, pid) VALUES ('NWO', '0000 0001 1092 7772');
INSERT INTO funder_identity(funder, pid) VALUES ('SFI', '10.13039/501100001602');
INSERT INTO funder_identity(funder, pid) VALUES ('SFI', '0000 0004 0452 5752');
INSERT INTO funder_identity(funder, pid) VALUES ('NIH', '10.13039/100000002');
INSERT INTO funder_identity(funder, pid) VALUES ('NIH', '0000 0001 2297 5165');
INSERT INTO funder_identity(funder, pid) VALUES ('NIH', '491');
INSERT INTO funder_identity(funder, pid) VALUES ('SNSF', '324');
INSERT INTO funder_identity(funder, pid) VALUES ('SNSF', '0000 0001 0672 3101');
INSERT INTO funder_identity(funder, pid) VALUES ('SNSF', '0000 0001 1957 0992');
INSERT INTO funder_identity(funder, pid) VALUES ('FWF', '77');
INSERT INTO funder_identity(funder, pid) VALUES ('FWF', '10.13039/501100002428');
INSERT INTO funder_identity(funder, pid) VALUES ('FWF', '0000 0001 1091 8438');
INSERT INTO funder_identity(funder, pid) VALUES ('RCUK', '375');
INSERT INTO funder_identity(funder, pid) VALUES ('RCUK', '10.13039/501100000690');
INSERT INTO funder_identity(funder, pid) VALUES ('RCUK', '0000 0001 0507 0997');
INSERT INTO funder_identity(funder, pid) VALUES ('TBT', '0000 0001 0665 7300');
INSERT INTO funder_identity(funder, pid) VALUES ('TBT', '0000 0001 0685 2712');
INSERT INTO funder_identity(funder, pid) VALUES ('AFF', '1025');
INSERT INTO funder_identity(funder, pid) VALUES ('AFF', '10.13039/501100002341');
INSERT INTO funder_identity(funder, pid) VALUES ('AFF', '0000 0004 0647 6886');
INSERT INTO funder_identity(funder, pid) VALUES ('CONICYT', '0000 0001 0943 9683');
INSERT INTO funder_identity(funder, pid) VALUES ('DFG', '152');
INSERT INTO funder_identity(funder, pid) VALUES ('DFG', '0000 0001 2096 9829');
INSERT INTO funder_identity(funder, pid) VALUES ('DFG', '0000 0001 1957 9997');


INSERT INTO funders(id, name, shortname, jurisdiction, websiteurl, policy, registrationdate)
VALUES ('H2020', 'European Commission - Horizon 2020', 'H2020', 'EU', 'http://ec.europa.eu/research/participants/data/ref/h2020/grants_manual/hi/oa_pilot/h2020-hi-oa-pilot-guide_en.pdf', 'OA mandate for publications; OA to research data by default', '2015-08-24');

INSERT INTO funders(id, name, shortname, jurisdiction, websiteurl, policy, registrationdate)
VALUES ('FP7', 'European Commission - 7th Framework program', 'FP7', 'EU', 'http://ec.europa.eu/research/fp7', 'OA advised for publications; 2012 – 2013 (FP7)Special Clause 39 ERC on Open Access applies', '2013-05-07');

INSERT INTO funders(id, name, shortname, jurisdiction, websiteurl, policy, registrationdate)
VALUES ('FCT', 'Portuguese Foundation for Science and Technology', 'FCT', 'PT', 'https://www.fct.pt/acessoaberto/index.phtml.en', 'OA mandate for publications; OA to research data advised', '2015-02-27');

INSERT INTO funders(id, name, shortname, jurisdiction, websiteurl, policy, registrationdate)
VALUES ('WT', 'Wellcome Trust', 'WT', '', 'https://wellcome.ac.uk/funding/managing-grant/open-access-policy', 'OA mandate for articles, monographs and book chapters; CC-BY licence required', '2013-05-07');

INSERT INTO funders(id, name, shortname, jurisdiction, websiteurl, policy, registrationdate)
VALUES ('NSF', 'National Science Foundation', 'NSF', 'US', 'https://www.nsf.gov/news/special_reports/public_access', 'Version of record or AAM of articles, conferences and data deposited into the repository; persistent identifier to full text on publisher’s website', '2016-03-04');

INSERT INTO funders(id, name, shortname, jurisdiction, websiteurl, policy, registrationdate)
VALUES ('NHMRC', 'National Health and Medical Research Council', 'NHMRC', 'AU', 'https://www.nhmrc.gov.au/grants-funding/policy/nhmrc-open-access-policy', 'OA mandate for publications', '2015-08-24');

INSERT INTO funders(id, name, shortname, jurisdiction, websiteurl, policy, registrationdate)
VALUES ('ARC', 'Australian Research Council', 'ARC', 'AU', 'http://www.arc.gov.au/arc-open-access-policy', 'OA mandate for research outputs, except for research data', '2015-08-24');

INSERT INTO funders(id, name, shortname, jurisdiction, websiteurl, policy, registrationdate)
VALUES ('MESTD', 'Ministry of Education, Science and Technological Development', 'MESTD', 'RS', 'NOAD', 'NOAD', '2017-01-23');

INSERT INTO funders(id, name, shortname, jurisdiction, websiteurl, policy, registrationdate)
VALUES ('MSES', 'Ministry of Science Education and Sport', 'MSES/MZOS', 'HR', 'NOAD', 'NOAD', '2015-09-14');

INSERT INTO funders(id, name, shortname, jurisdiction, websiteurl, policy, registrationdate)
VALUES ('CSF', 'Croatian Science Foundation', 'CSF/HRZZ', 'HR', 'NOAD', 'NOAD', '2015-09-14');

INSERT INTO funders(id, name, shortname, jurisdiction, websiteurl, policy, registrationdate)
VALUES ('NWO', 'Netherlands Organisation for Scientific Research', 'NWO', 'NL', 'NOAD', 'NOAD', '2016-06-23');

INSERT INTO funders(id, name, shortname, jurisdiction, websiteurl, policy, registrationdate)
VALUES ('SFI', 'Science Foundation Ireland', 'SFI', 'IE', 'http://www.sfi.ie/resources/open-access-dec-10.pdf', 'OA mandate to publications, conference proceedings and technical reports', '2015-07-21');

INSERT INTO funders(id, name, shortname, jurisdiction, websiteurl, policy, registrationdate)
VALUES ('NIH', 'National Institute of Health', 'NIH', 'US', 'https://publicaccess.nih.gov/policy.htm', 'OA to articles', '2017-09-21');

INSERT INTO funders(id, name, shortname, jurisdiction, websiteurl, policy, registrationdate)
VALUES ('SNSF', 'Swiss National Science Foundation', 'SNSF', 'CH', 'NOAD', 'NOAD', '2016-11-16');

INSERT INTO funders(id, name, shortname, jurisdiction, websiteurl, policy, registrationdate)
VALUES ('FWF', 'Austrian Science Fund', 'FWF', 'AT', 'NOAD', 'NOAD', '2017-09-21');

INSERT INTO funders(id, name, shortname, jurisdiction, websiteurl, policy, registrationdate)
VALUES ('RCUK', 'Research Council UK', 'RCUK', 'UK', 'NOAD', 'NOAD', '2017-11-02');

INSERT INTO funders(id, name, shortname, jurisdiction, websiteurl, policy, registrationdate)
VALUES ('TBT', 'Scientific and Technological Research Council of Turkey', 'Tubitak', 'TR', 'NOAD', 'NOAD', '2017-11-02');

INSERT INTO funders(id, name, shortname, jurisdiction, websiteurl, policy, registrationdate)
VALUES ('DFG', 'German Research Foundation', 'DFG', 'DE', 'NOAD', 'NOAD', '2017-09-29');

INSERT INTO funders(id, name, shortname, jurisdiction, websiteurl, policy, registrationdate)
VALUES ('TARA', 'Tara Expedition Foundation', 'TARA', 'FR', 'NOAD', 'NOAD', '2016-12-02');

INSERT INTO funders(id, name, shortname, jurisdiction, websiteurl, policy, registrationdate)
VALUES ('AFF', 'Academy of Finland', 'AFF', 'FI', 'NOAD', 'NOAD', '2017-09-21');

INSERT INTO funders(id, name, shortname, jurisdiction, websiteurl, policy, registrationdate)
VALUES ('CONICYT', 'Comisión Nacional de Investigación Científica y Tecnológica', 'CONICYT', 'CL', 'http://www.lareferencia.info', '', '2017-09-08');

INSERT INTO funders(id, name, shortname, jurisdiction, websiteurl, policy, registrationdate)
VALUES ('SGOV', 'Ministry of Economy, Industry and Competitiveness', 'SGOV', 'ES', 'NOAD', 'NOAD', '2017-09-14');
